{"id":15,"date":"2012-10-22T18:14:24","date_gmt":"2012-10-22T18:14:24","guid":{"rendered":"http:\/\/dontworryeatcurry.ch\/blog\/?page_id=15"},"modified":"2012-12-02T21:16:04","modified_gmt":"2012-12-02T21:16:04","slug":"our-vehicle","status":"publish","type":"page","link":"https:\/\/dontworryeatcurry.ch\/blog\/?page_id=15","title":{"rendered":"Vehicle"},"content":{"rendered":"<p><a href=\"http:\/\/www.bajajauto.com\/comm_psngr_re2s_cng.asp\">Hier <\/a>die Spezifikationen unseres Tuktuks direkt vom Hersteller <a href=\"http:\/\/www.bajajauto.com\/comm_psngr_re2s_cng.asp\">Bajaj <\/a>&#8230;<\/p>\n<p>Mein pers\u00f6nlicher Favorit sind die &#8220;Stylish tell-tale indicators on the dash board&#8221;. Nimmt mich ja dann wunder, welche Geschichten mir diese stylischen Dinger erz\u00e4hlen, duu.<\/p>\n<p>Das Fahrzeug ist l\u00e4rmig, untermotorisiert und stinkt. Aber das geh\u00f6rt zum Challenge. Weitere Daten: Einzylinder, luftgek\u00fchlt, 150 ccm, 7PS, 4 G\u00e4nge, 55 km\/h Spitzengeschwindigkeit<\/p>\n<p><a href=\"http:\/\/dontworryeatcurry.ch\/blog\/wp-content\/uploads\/2012\/10\/rickfoto1.png\"><img loading=\"lazy\" class=\"alignleft size-medium wp-image-47\" title=\"rickfoto\" src=\"http:\/\/dontworryeatcurry.ch\/blog\/wp-content\/uploads\/2012\/10\/rickfoto1-296x300.png\" alt=\"\" width=\"296\" height=\"300\" srcset=\"https:\/\/dontworryeatcurry.ch\/blog\/wp-content\/uploads\/2012\/10\/rickfoto1-296x300.png 296w, https:\/\/dontworryeatcurry.ch\/blog\/wp-content\/uploads\/2012\/10\/rickfoto1.png 376w\" sizes=\"(max-width: 296px) 100vw, 296px\" \/><\/a><\/p>\n<p>&nbsp;<\/p>\n<p>&nbsp;<\/p>\n","protected":false},"excerpt":{"rendered":"<p>Hier die Spezifikationen unseres Tuktuks direkt vom Hersteller Bajaj &#8230; Mein pers\u00f6nlicher Favorit sind die &#8220;Stylish tell-tale indicators on the dash board&#8221;. Nimmt mich ja dann wunder, welche Geschichten mir diese stylischen Dinger erz\u00e4hlen, duu. Das Fahrzeug ist l\u00e4rmig, untermotorisiert und stinkt. Aber das geh\u00f6rt zum Challenge. Weitere Daten: Einzylinder, luftgek\u00fchlt, 150 ccm, 7PS, 4 [&hellip;]<\/p>\n","protected":false},"author":1,"featured_media":0,"parent":0,"menu_order":0,"comment_status":"open","ping_status":"open","template":"","meta":[],"_links":{"self":[{"href":"https:\/\/dontworryeatcurry.ch\/blog\/index.php?rest_route=\/wp\/v2\/pages\/15"}],"collection":[{"href":"https:\/\/dontworryeatcurry.ch\/blog\/index.php?rest_route=\/wp\/v2\/pages"}],"about":[{"href":"https:\/\/dontworryeatcurry.ch\/blog\/index.php?rest_route=\/wp\/v2\/types\/page"}],"author":[{"embeddable":true,"href":"https:\/\/dontworryeatcurry.ch\/blog\/index.php?rest_route=\/wp\/v2\/users\/1"}],"replies":[{"embeddable":true,"href":"https:\/\/dontworryeatcurry.ch\/blog\/index.php?rest_route=%2Fwp%2Fv2%2Fcomments&post=15"}],"version-history":[{"count":7,"href":"https:\/\/dontworryeatcurry.ch\/blog\/index.php?rest_route=\/wp\/v2\/pages\/15\/revisions"}],"predecessor-version":[{"id":43,"href":"https:\/\/dontworryeatcurry.ch\/blog\/index.php?rest_route=\/wp\/v2\/pages\/15\/revisions\/43"}],"wp:attachment":[{"href":"https:\/\/dontworryeatcurry.ch\/blog\/index.php?rest_route=%2Fwp%2Fv2%2Fmedia&parent=15"}],"curies":[{"name":"wp","href":"https:\/\/api.w.org\/{rel}","templated":true}]}}